{"id":878,"date":"2022-09-05T23:39:14","date_gmt":"2022-09-05T21:39:14","guid":{"rendered":"http:\/\/www.academiedansecotemeraude.com\/?page_id=878"},"modified":"2022-10-24T19:32:40","modified_gmt":"2022-10-24T17:32:40","slug":"contact-2","status":"publish","type":"page","link":"https:\/\/www.academiedansecotemeraude.com\/index.php\/contact-2\/","title":{"rendered":"Contact"},"content":{"rendered":"\n<p><\/p>\n\n\n\n<div class=\"wp-block-uagb-advanced-heading uagb-block-248354a3\"><h1 class=\"uagb-heading-text\"><strong>Contact<\/strong><\/h1><div class=\"uagb-separator\"><\/div><\/div>\n\n\n\n<p><\/p>\n\n\n\n<p class=\"has-text-align-center has-neve-text-color-color has-text-color has-medium-font-size\"><strong>Vous pouvez nous contacter au 06 80 24 41 90 ou par le formulaire ci-dessous :<\/strong><\/p>\n\n\n\n<div class=\"wp-block-uagb-forms uagb-forms__outer-wrap uagb-block-b1372904 uagb-forms__medium-btn\"><form class=\"uagb-forms-main-form\" method=\"post\" autocomplete=\"on\" name=\"uagb-form-b1372904\">\n<div class=\"wp-block-uagb-forms-name uagb-forms-name-wrap uagb-forms-field-set uagb-block-6f8ddd63\"><div class=\"uagb-forms-name-label obligatoire uagb-forms-input-label\" id=\"6f8ddd63\"><strong>Pr\u00e9nom<\/strong><\/div><input type=\"text\" placeholder=\"\" required class=\"uagb-forms-name-input uagb-forms-input\" name=\"6f8ddd63\" autocomplete=\"given-name\"\/><\/div>\n\n\n\n<div class=\"wp-block-uagb-forms-name uagb-forms-name-wrap uagb-forms-field-set uagb-block-e69451b4\"><div class=\"uagb-forms-name-label obligatoire uagb-forms-input-label\" id=\"e69451b4\"><strong>Nom<\/strong><\/div><input type=\"text\" placeholder=\"\" required class=\"uagb-forms-name-input uagb-forms-input\" name=\"e69451b4\" autocomplete=\"family-name\"\/><\/div>\n\n\n\n<div class=\"wp-block-uagb-forms-email uagb-forms-email-wrap uagb-forms-field-set uagb-block-90786634\"><div class=\"uagb-forms-email-label obligatoire uagb-forms-input-label\" id=\"90786634\"><strong>E-mail<\/strong><\/div><input type=\"email\" class=\"uagb-forms-email-input uagb-forms-input\" placeholder=\"exemple@mail.com\" required name=\"90786634\" autocomplete=\"email\"\/><\/div>\n\n\n\n<div class=\"wp-block-uagb-forms-textarea uagb-forms-textarea-wrap uagb-forms-field-set uagb-block-2aa968f6\"><div class=\"uagb-forms-textarea-label obligatoire uagb-forms-input-label\" id=\"2aa968f6\"><strong>Message<\/strong><\/div><textarea required class=\"uagb-forms-textarea-input uagb-forms-input\" rows=\"4\" placeholder=\"Saisissez votre message\" name=\"2aa968f6\" autocomplete=\"off\"><\/textarea><\/div>\n<div class=\"uagb-forms-form-hidden-data\"><input type=\"hidden\" id=\"g-recaptcha-response\" class=\"uagb-forms-recaptcha\"\/><input type=\"hidden\" class=\"uagb_forms_form_label\" value=\"Formulaire Spectra\"\/><input type=\"hidden\" class=\"uagb_forms_form_id\" value=\"uagb-form-b1372904\"\/><\/div><div class=\"g-recaptcha uagb-forms-field-set\" data-sitekey=\"\"><\/div><div class=\"uagb-form-reacaptcha-error-b1372904\"><\/div><div class=\"uagb-forms-main-submit-button-wrap wp-block-button\"><button class=\"uagb-forms-main-submit-button wp-block-button__link\"><div class=\"uagb-forms-main-submit-button-text\">Envoyer<\/div><\/button><\/div><\/form><div class=\"uagb-forms-success-message-b1372904 uagb-forms-submit-message-hide\"><span>Le formulaire a bien \u00e9t\u00e9 envoy\u00e9\u00a0!<\/span><\/div><div class=\"uagb-forms-failed-message-b1372904 uagb-forms-submit-message-hide\"><span>Une erreur s\u2019est produite lors de l\u2019envoi du formulaire. Veuillez v\u00e9rifier \u00e0 nouveau tous les champs du formulaire.<\/span><\/div><\/div>\n","protected":false},"excerpt":{"rendered":"<p>Contact Vous pouvez nous contacter au 06 80 24 41 90 ou par le formulaire ci-dessous :<\/p>\n","protected":false},"author":1,"featured_media":0,"parent":0,"menu_order":0,"comment_status":"closed","ping_status":"closed","template":"","meta":{"_uag_custom_page_level_css":"","neve_meta_sidebar":"","neve_meta_container":"","neve_meta_enable_content_width":"","neve_meta_content_width":0,"neve_meta_title_alignment":"","neve_meta_author_avatar":"","neve_post_elements_order":"","neve_meta_disable_header":"","neve_meta_disable_footer":"","neve_meta_disable_title":"","footnotes":""},"class_list":["post-878","page","type-page","status-publish","hentry"],"yoast_head":"<!-- This site is optimized with the Yoast SEO plugin v26.1.1 - https:\/\/yoast.com\/wordpress\/plugins\/seo\/ -->\n<title>Contact - ACADEMIE DE DANSE DE LA COTE D&#039;EMERAUDE<\/title>\n<meta name=\"robots\" content=\"index, follow, max-snippet:-1, max-image-preview:large, max-video-preview:-1\" \/>\n<link rel=\"canonical\" href=\"https:\/\/www.academiedansecotemeraude.com\/index.php\/contact-2\/\" \/>\n<meta property=\"og:locale\" content=\"fr_FR\" \/>\n<meta property=\"og:type\" content=\"article\" \/>\n<meta property=\"og:title\" content=\"Contact - ACADEMIE DE DANSE DE LA COTE D&#039;EMERAUDE\" \/>\n<meta property=\"og:description\" content=\"Contact Vous pouvez nous contacter au 06 80 24 41 90 ou par le formulaire ci-dessous :\" \/>\n<meta property=\"og:url\" content=\"https:\/\/www.academiedansecotemeraude.com\/index.php\/contact-2\/\" \/>\n<meta property=\"og:site_name\" content=\"ACADEMIE DE DANSE DE LA COTE D&#039;EMERAUDE\" \/>\n<meta property=\"article:publisher\" content=\"https:\/\/m.facebook.com\/profile.php?id=1884522885139605\" \/>\n<meta property=\"article:modified_time\" content=\"2022-10-24T17:32:40+00:00\" \/>\n<meta name=\"twitter:card\" content=\"summary_large_image\" \/>\n<script type=\"application\/ld+json\" class=\"yoast-schema-graph\">{\"@context\":\"https:\/\/schema.org\",\"@graph\":[{\"@type\":\"WebPage\",\"@id\":\"https:\/\/www.academiedansecotemeraude.com\/index.php\/contact-2\/\",\"url\":\"https:\/\/www.academiedansecotemeraude.com\/index.php\/contact-2\/\",\"name\":\"Contact - ACADEMIE DE DANSE DE LA COTE D&#039;EMERAUDE\",\"isPartOf\":{\"@id\":\"https:\/\/www.academiedansecotemeraude.com\/#website\"},\"datePublished\":\"2022-09-05T21:39:14+00:00\",\"dateModified\":\"2022-10-24T17:32:40+00:00\",\"breadcrumb\":{\"@id\":\"https:\/\/www.academiedansecotemeraude.com\/index.php\/contact-2\/#breadcrumb\"},\"inLanguage\":\"fr-FR\",\"potentialAction\":[{\"@type\":\"ReadAction\",\"target\":[\"https:\/\/www.academiedansecotemeraude.com\/index.php\/contact-2\/\"]}]},{\"@type\":\"BreadcrumbList\",\"@id\":\"https:\/\/www.academiedansecotemeraude.com\/index.php\/contact-2\/#breadcrumb\",\"itemListElement\":[{\"@type\":\"ListItem\",\"position\":1,\"name\":\"Accueil\",\"item\":\"https:\/\/www.academiedansecotemeraude.com\/\"},{\"@type\":\"ListItem\",\"position\":2,\"name\":\"Contact\"}]},{\"@type\":\"WebSite\",\"@id\":\"https:\/\/www.academiedansecotemeraude.com\/#website\",\"url\":\"https:\/\/www.academiedansecotemeraude.com\/\",\"name\":\"ACADEMIE DE DANSE DE LA COTE D&#039;EMERAUDE\",\"description\":\"Retour accueil\",\"potentialAction\":[{\"@type\":\"SearchAction\",\"target\":{\"@type\":\"EntryPoint\",\"urlTemplate\":\"https:\/\/www.academiedansecotemeraude.com\/?s={search_term_string}\"},\"query-input\":{\"@type\":\"PropertyValueSpecification\",\"valueRequired\":true,\"valueName\":\"search_term_string\"}}],\"inLanguage\":\"fr-FR\"}]}<\/script>\n<!-- \/ Yoast SEO plugin. -->","yoast_head_json":{"title":"Contact - ACADEMIE DE DANSE DE LA COTE D&#039;EMERAUDE","robots":{"index":"index","follow":"follow","max-snippet":"max-snippet:-1","max-image-preview":"max-image-preview:large","max-video-preview":"max-video-preview:-1"},"canonical":"https:\/\/www.academiedansecotemeraude.com\/index.php\/contact-2\/","og_locale":"fr_FR","og_type":"article","og_title":"Contact - ACADEMIE DE DANSE DE LA COTE D&#039;EMERAUDE","og_description":"Contact Vous pouvez nous contacter au 06 80 24 41 90 ou par le formulaire ci-dessous :","og_url":"https:\/\/www.academiedansecotemeraude.com\/index.php\/contact-2\/","og_site_name":"ACADEMIE DE DANSE DE LA COTE D&#039;EMERAUDE","article_publisher":"https:\/\/m.facebook.com\/profile.php?id=1884522885139605","article_modified_time":"2022-10-24T17:32:40+00:00","twitter_card":"summary_large_image","schema":{"@context":"https:\/\/schema.org","@graph":[{"@type":"WebPage","@id":"https:\/\/www.academiedansecotemeraude.com\/index.php\/contact-2\/","url":"https:\/\/www.academiedansecotemeraude.com\/index.php\/contact-2\/","name":"Contact - ACADEMIE DE DANSE DE LA COTE D&#039;EMERAUDE","isPartOf":{"@id":"https:\/\/www.academiedansecotemeraude.com\/#website"},"datePublished":"2022-09-05T21:39:14+00:00","dateModified":"2022-10-24T17:32:40+00:00","breadcrumb":{"@id":"https:\/\/www.academiedansecotemeraude.com\/index.php\/contact-2\/#breadcrumb"},"inLanguage":"fr-FR","potentialAction":[{"@type":"ReadAction","target":["https:\/\/www.academiedansecotemeraude.com\/index.php\/contact-2\/"]}]},{"@type":"BreadcrumbList","@id":"https:\/\/www.academiedansecotemeraude.com\/index.php\/contact-2\/#breadcrumb","itemListElement":[{"@type":"ListItem","position":1,"name":"Accueil","item":"https:\/\/www.academiedansecotemeraude.com\/"},{"@type":"ListItem","position":2,"name":"Contact"}]},{"@type":"WebSite","@id":"https:\/\/www.academiedansecotemeraude.com\/#website","url":"https:\/\/www.academiedansecotemeraude.com\/","name":"ACADEMIE DE DANSE DE LA COTE D&#039;EMERAUDE","description":"Retour accueil","potentialAction":[{"@type":"SearchAction","target":{"@type":"EntryPoint","urlTemplate":"https:\/\/www.academiedansecotemeraude.com\/?s={search_term_string}"},"query-input":{"@type":"PropertyValueSpecification","valueRequired":true,"valueName":"search_term_string"}}],"inLanguage":"fr-FR"}]}},"uagb_featured_image_src":{"full":false,"thumbnail":false,"medium":false,"medium_large":false,"large":false,"1536x1536":false,"2048x2048":false,"neve-blog":false},"uagb_author_info":{"display_name":"admin8357","author_link":"https:\/\/www.academiedansecotemeraude.com\/index.php\/author\/admin8357\/"},"uagb_comment_info":0,"uagb_excerpt":"Contact Vous pouvez nous contacter au 06 80 24 41 90 ou par le formulaire ci-dessous :","_links":{"self":[{"href":"https:\/\/www.academiedansecotemeraude.com\/index.php\/wp-json\/wp\/v2\/pages\/878","targetHints":{"allow":["GET"]}}],"collection":[{"href":"https:\/\/www.academiedansecotemeraude.com\/index.php\/wp-json\/wp\/v2\/pages"}],"about":[{"href":"https:\/\/www.academiedansecotemeraude.com\/index.php\/wp-json\/wp\/v2\/types\/page"}],"author":[{"embeddable":true,"href":"https:\/\/www.academiedansecotemeraude.com\/index.php\/wp-json\/wp\/v2\/users\/1"}],"replies":[{"embeddable":true,"href":"https:\/\/www.academiedansecotemeraude.com\/index.php\/wp-json\/wp\/v2\/comments?post=878"}],"version-history":[{"count":17,"href":"https:\/\/www.academiedansecotemeraude.com\/index.php\/wp-json\/wp\/v2\/pages\/878\/revisions"}],"predecessor-version":[{"id":1331,"href":"https:\/\/www.academiedansecotemeraude.com\/index.php\/wp-json\/wp\/v2\/pages\/878\/revisions\/1331"}],"wp:attachment":[{"href":"https:\/\/www.academiedansecotemeraude.com\/index.php\/wp-json\/wp\/v2\/media?parent=878"}],"curies":[{"name":"wp","href":"https:\/\/api.w.org\/{rel}","templated":true}]}}