{"id":875,"date":"2022-09-05T23:39:14","date_gmt":"2022-09-05T21:39:14","guid":{"rendered":"http:\/\/www.academiedansecotemeraude.com\/?page_id=875"},"modified":"2023-01-17T07:00:55","modified_gmt":"2023-01-17T06:00:55","slug":"les-professeurs","status":"publish","type":"page","link":"https:\/\/www.academiedansecotemeraude.com\/index.php\/les-professeurs\/","title":{"rendered":"L&rsquo;Equipe"},"content":{"rendered":"\n<p><\/p>\n\n\n\n<div class=\"wp-block-uagb-advanced-heading uagb-block-919b7883\"><h1 class=\"uagb-heading-text\"><strong>L<\/strong>&lsquo;<strong>Equipe<\/strong><\/h1><div class=\"uagb-separator\"><\/div><\/div>\n\n\n\n<div class=\"wp-block-uagb-tabs uagb-block-ff464d2e uagb-tabs__wrap uagb-tabs__hstyle3-desktop uagb-tabs__vstyle6-tablet uagb-tabs__stack1-mobile\" data-tab-active=\"0\"><ul class=\"uagb-tabs__panel uagb-tabs__align-left\"><li class=\"uagb-tab uagb-tabs__active\"><a href=\"#uagb-tabs__tab0\" class=\"uagb-tabs-list uagb-tabs__icon-position-left\" data-tab=\"0\"><strong>Marie-H\u00e9l\u00e8ne<\/strong><\/a><\/li><li class=\"uagb-tab \"><a href=\"#uagb-tabs__tab1\" class=\"uagb-tabs-list uagb-tabs__icon-position-left\" data-tab=\"1\"><strong>Benjamin<\/strong><\/a><\/li><li class=\"uagb-tab \"><a href=\"#uagb-tabs__tab2\" class=\"uagb-tabs-list uagb-tabs__icon-position-left\" data-tab=\"2\"><strong>Solenn<\/strong><\/a><\/li><\/ul><div class=\"uagb-tabs__body-wrap\">\n<div class=\"wp-block-uagb-tabs-child uagb-tabs__body-container uagb-inner-tab-0\" aria-labelledby=\"uagb-tabs__tab0\">\n<p class=\"has-neve-text-color-color has-text-color\" style=\"font-size:16px\"><strong>Marie-H\u00e9l\u00e8ne Lamy est form\u00e9e \u00e0 l\u2019Acad\u00e9mie d\u2019Art Chor\u00e9graphique Christina Bernard \u00e0 Saint-Malo . En parall\u00e8le, elle suivra des cours \u00e0 l\u2019Acad\u00e9mie Solange Golovine \u00e0 Paris. En 1989, elle est admise \u00e0 l\u2019\u00e9cole de danse de l\u2019Op\u00e9ra de Varsovie mais d\u00e9cidera de poursuivre sa formation \u00e0 Cannes au centre de danse international Rosella Hightower.<\/strong><\/p>\n\n\n\n<p class=\"has-neve-text-color-color has-text-color\" style=\"font-size:16px\"><strong> Marie-H\u00e9l\u00e8ne se consacre \u00e0 la p\u00e9dagogie dans divers associations sur la r\u00e9gion nantaise et malouine, puis au sein du conservatoire de Saint-Malo et maintenant \u00e0 l\u2019Acad\u00e9mie de danse de la C\u00f4te d\u2019\u00c9meraude o\u00f9 elle assure la partie p\u00e9dagogique.<\/strong><\/p>\n<\/div>\n\n\n\n<div class=\"wp-block-uagb-tabs-child uagb-tabs__body-container uagb-inner-tab-1\" aria-labelledby=\"uagb-tabs__tab1\">\n<p class=\"has-neve-text-color-color has-text-color\" style=\"font-size:16px\"><strong>Benjamin Munoz est form\u00e9 au Conservatoire National de Danse d\u2019Avignon pendant 3 ans, puis part 1 an en Allemagne \u00e0 l\u2019Acad\u00e9mie Internationale de K\u00f6ln et de Mannheim. De retour en France, c\u2019est au sein d\u2019EPSE Danse \u00e0 Montpellier qu\u2019il ach\u00e8ve sa formation.<\/strong><\/p>\n\n\n\n<p class=\"has-neve-text-color-color has-text-color\" style=\"font-size:16px\"><strong>D\u00e8s 2000, il commence sa carri\u00e8re professionnelle \u00e0 l\u2019Op\u00e9ra de Toulon, puis int\u00e8gre en 2003 l\u2019Op\u00e9ra d\u2019Avignon sous la direction de Jacques Fabre, Jean-Louis Grinda&nbsp;, J\u00e9r\u00f4me Savary et Eric Belaud.<\/strong><\/p>\n\n\n\n<p class=\"has-neve-text-color-color has-text-color\" style=\"font-size:16px\"><strong>En 2006, il est appel\u00e9 par Louvin Production pour int\u00e9grer la troupe de Bobino. Il part en 2009 en Belgique pour se produire dans le Dance Musical Mamma Mia \u00e0 l\u2019Op\u00e9ra Royale de Wallonie sous la direction d\u2019Anthony Maxence de Valli\u00e8re Saronide. Il travaille ensuite avec GDP Production pour un spectacle en Lybie. C\u2019est en janvier 2010 qu\u2019il int\u00e8gre la compagnie Esseance. En janvier 2011, Benjamin est contact\u00e9 par le Conservatoire de Saint-Malo, pour faire une cr\u00e9ation aux \u00e9l\u00e8ves de troisi\u00e8me cycle o\u00f9 il monte son premier ballet \u00ab&nbsp;O Canto De Dan\u00e7a&nbsp;\u00bb. Il resta jusqu\u2019en juin au Conservatoire pour enseigner le classique. Ce fut une exp\u00e9rience enrichissante, qui lui donna le go\u00fbt de la chor\u00e9graphie et il d\u00e9cida de monter sa propre compagnie. En octobre 2011 , na\u00eet B\u2019Compagnie.<\/strong><\/p>\n<\/div>\n\n\n\n<div class=\"wp-block-uagb-tabs-child uagb-tabs__body-container uagb-inner-tab-2\" aria-labelledby=\"uagb-tabs__tab2\">\n<p class=\"has-neve-text-color-color has-text-color\"><strong>Solenn Hasco\u00ebt a d<\/strong><strong>\u00e9but\u00e9 la danse \u00e0 l\u2019\u00e2ge de 3 ans sur l\u2019Ile de <\/strong><strong>la R\u00e9union <\/strong><strong>dans une association o\u00f9 e<\/strong><strong>lle<\/strong><strong> a pratiqu\u00e9 <\/strong><strong>la danse classique, <\/strong><strong>le modern jazz et la danse contemporaine.<\/strong><\/p>\n\n\n\n<p class=\"has-neve-text-color-color has-text-color\"><strong>A 18 ans, elle part \u00e0 Bordeaux pour suivre des \u00e9tudes en communication tout en continuant la danse contemporaine au centre de formation ADAGE.<\/strong><\/p>\n\n\n\n<p class=\"has-neve-text-color-color has-text-color\"><strong>Au cours de voyages en Polyn\u00e9sie, elle d\u00e9couvre et s\u2019initie \u00e0 la danse tahitienne.<\/strong><\/p>\n\n\n\n<p class=\"has-neve-text-color-color has-text-color\"><strong>E<\/strong><strong>lle se forme <\/strong><strong>\u00e9galement<\/strong><strong> au yoga.<\/strong><\/p>\n\n\n\n<p class=\"has-neve-text-color-color has-text-color\"><strong>Son parcours, ses origines r\u00e9unionnaises et ses voyages en Polyn\u00e9sie rendent son enseignement de la danse contemporaine riche et diversifi\u00e9.<\/strong><\/p>\n<\/div>\n\n\n\n<div class=\"wp-block-uagb-tabs-child uagb-tabs__body-container uagb-inner-tab-3\" aria-labelledby=\"uagb-tabs__tab3\">\n<p>Lorem ipsum dolor sit amet, consectetur adipiscing elit. Ut elit tellus, luctus nec ullamcorper mattis, pulvinar dapibus leo.<\/p>\n<\/div>\n<\/div><\/div>\n","protected":false},"excerpt":{"rendered":"<p>L&lsquo;Equipe<\/p>\n","protected":false},"author":1,"featured_media":0,"parent":0,"menu_order":0,"comment_status":"closed","ping_status":"closed","template":"","meta":{"_uag_custom_page_level_css":"","neve_meta_sidebar":"","neve_meta_container":"","neve_meta_enable_content_width":"","neve_meta_content_width":0,"neve_meta_title_alignment":"","neve_meta_author_avatar":"","neve_post_elements_order":"","neve_meta_disable_header":"","neve_meta_disable_footer":"","neve_meta_disable_title":"","footnotes":""},"class_list":["post-875","page","type-page","status-publish","hentry"],"yoast_head":"<!-- This site is optimized with the Yoast SEO plugin v26.1.1 - https:\/\/yoast.com\/wordpress\/plugins\/seo\/ -->\n<title>L&#039;Equipe - ACADEMIE DE DANSE DE LA COTE D&#039;EMERAUDE<\/title>\n<meta name=\"robots\" content=\"index, follow, max-snippet:-1, max-image-preview:large, max-video-preview:-1\" \/>\n<link rel=\"canonical\" href=\"https:\/\/www.academiedansecotemeraude.com\/index.php\/les-professeurs\/\" \/>\n<meta property=\"og:locale\" content=\"fr_FR\" \/>\n<meta property=\"og:type\" content=\"article\" \/>\n<meta property=\"og:title\" content=\"L&#039;Equipe - ACADEMIE DE DANSE DE LA COTE D&#039;EMERAUDE\" \/>\n<meta property=\"og:description\" content=\"L&lsquo;Equipe\" \/>\n<meta property=\"og:url\" content=\"https:\/\/www.academiedansecotemeraude.com\/index.php\/les-professeurs\/\" \/>\n<meta property=\"og:site_name\" content=\"ACADEMIE DE DANSE DE LA COTE D&#039;EMERAUDE\" \/>\n<meta property=\"article:publisher\" content=\"https:\/\/m.facebook.com\/profile.php?id=1884522885139605\" \/>\n<meta property=\"article:modified_time\" content=\"2023-01-17T06:00:55+00:00\" \/>\n<meta name=\"twitter:card\" content=\"summary_large_image\" \/>\n<meta name=\"twitter:label1\" content=\"Dur\u00e9e de lecture estim\u00e9e\" \/>\n\t<meta name=\"twitter:data1\" content=\"2 minutes\" \/>\n<script type=\"application\/ld+json\" class=\"yoast-schema-graph\">{\"@context\":\"https:\/\/schema.org\",\"@graph\":[{\"@type\":\"WebPage\",\"@id\":\"https:\/\/www.academiedansecotemeraude.com\/index.php\/les-professeurs\/\",\"url\":\"https:\/\/www.academiedansecotemeraude.com\/index.php\/les-professeurs\/\",\"name\":\"L'Equipe - ACADEMIE DE DANSE DE LA COTE D&#039;EMERAUDE\",\"isPartOf\":{\"@id\":\"https:\/\/www.academiedansecotemeraude.com\/#website\"},\"datePublished\":\"2022-09-05T21:39:14+00:00\",\"dateModified\":\"2023-01-17T06:00:55+00:00\",\"breadcrumb\":{\"@id\":\"https:\/\/www.academiedansecotemeraude.com\/index.php\/les-professeurs\/#breadcrumb\"},\"inLanguage\":\"fr-FR\",\"potentialAction\":[{\"@type\":\"ReadAction\",\"target\":[\"https:\/\/www.academiedansecotemeraude.com\/index.php\/les-professeurs\/\"]}]},{\"@type\":\"BreadcrumbList\",\"@id\":\"https:\/\/www.academiedansecotemeraude.com\/index.php\/les-professeurs\/#breadcrumb\",\"itemListElement\":[{\"@type\":\"ListItem\",\"position\":1,\"name\":\"Accueil\",\"item\":\"https:\/\/www.academiedansecotemeraude.com\/\"},{\"@type\":\"ListItem\",\"position\":2,\"name\":\"L&rsquo;Equipe\"}]},{\"@type\":\"WebSite\",\"@id\":\"https:\/\/www.academiedansecotemeraude.com\/#website\",\"url\":\"https:\/\/www.academiedansecotemeraude.com\/\",\"name\":\"ACADEMIE DE DANSE DE LA COTE D&#039;EMERAUDE\",\"description\":\"Retour accueil\",\"potentialAction\":[{\"@type\":\"SearchAction\",\"target\":{\"@type\":\"EntryPoint\",\"urlTemplate\":\"https:\/\/www.academiedansecotemeraude.com\/?s={search_term_string}\"},\"query-input\":{\"@type\":\"PropertyValueSpecification\",\"valueRequired\":true,\"valueName\":\"search_term_string\"}}],\"inLanguage\":\"fr-FR\"}]}<\/script>\n<!-- \/ Yoast SEO plugin. -->","yoast_head_json":{"title":"L'Equipe - ACADEMIE DE DANSE DE LA COTE D&#039;EMERAUDE","robots":{"index":"index","follow":"follow","max-snippet":"max-snippet:-1","max-image-preview":"max-image-preview:large","max-video-preview":"max-video-preview:-1"},"canonical":"https:\/\/www.academiedansecotemeraude.com\/index.php\/les-professeurs\/","og_locale":"fr_FR","og_type":"article","og_title":"L'Equipe - ACADEMIE DE DANSE DE LA COTE D&#039;EMERAUDE","og_description":"L&lsquo;Equipe","og_url":"https:\/\/www.academiedansecotemeraude.com\/index.php\/les-professeurs\/","og_site_name":"ACADEMIE DE DANSE DE LA COTE D&#039;EMERAUDE","article_publisher":"https:\/\/m.facebook.com\/profile.php?id=1884522885139605","article_modified_time":"2023-01-17T06:00:55+00:00","twitter_card":"summary_large_image","twitter_misc":{"Dur\u00e9e de lecture estim\u00e9e":"2 minutes"},"schema":{"@context":"https:\/\/schema.org","@graph":[{"@type":"WebPage","@id":"https:\/\/www.academiedansecotemeraude.com\/index.php\/les-professeurs\/","url":"https:\/\/www.academiedansecotemeraude.com\/index.php\/les-professeurs\/","name":"L'Equipe - ACADEMIE DE DANSE DE LA COTE D&#039;EMERAUDE","isPartOf":{"@id":"https:\/\/www.academiedansecotemeraude.com\/#website"},"datePublished":"2022-09-05T21:39:14+00:00","dateModified":"2023-01-17T06:00:55+00:00","breadcrumb":{"@id":"https:\/\/www.academiedansecotemeraude.com\/index.php\/les-professeurs\/#breadcrumb"},"inLanguage":"fr-FR","potentialAction":[{"@type":"ReadAction","target":["https:\/\/www.academiedansecotemeraude.com\/index.php\/les-professeurs\/"]}]},{"@type":"BreadcrumbList","@id":"https:\/\/www.academiedansecotemeraude.com\/index.php\/les-professeurs\/#breadcrumb","itemListElement":[{"@type":"ListItem","position":1,"name":"Accueil","item":"https:\/\/www.academiedansecotemeraude.com\/"},{"@type":"ListItem","position":2,"name":"L&rsquo;Equipe"}]},{"@type":"WebSite","@id":"https:\/\/www.academiedansecotemeraude.com\/#website","url":"https:\/\/www.academiedansecotemeraude.com\/","name":"ACADEMIE DE DANSE DE LA COTE D&#039;EMERAUDE","description":"Retour accueil","potentialAction":[{"@type":"SearchAction","target":{"@type":"EntryPoint","urlTemplate":"https:\/\/www.academiedansecotemeraude.com\/?s={search_term_string}"},"query-input":{"@type":"PropertyValueSpecification","valueRequired":true,"valueName":"search_term_string"}}],"inLanguage":"fr-FR"}]}},"uagb_featured_image_src":{"full":false,"thumbnail":false,"medium":false,"medium_large":false,"large":false,"1536x1536":false,"2048x2048":false,"neve-blog":false},"uagb_author_info":{"display_name":"admin8357","author_link":"https:\/\/www.academiedansecotemeraude.com\/index.php\/author\/admin8357\/"},"uagb_comment_info":0,"uagb_excerpt":"L&lsquo;Equipe","_links":{"self":[{"href":"https:\/\/www.academiedansecotemeraude.com\/index.php\/wp-json\/wp\/v2\/pages\/875","targetHints":{"allow":["GET"]}}],"collection":[{"href":"https:\/\/www.academiedansecotemeraude.com\/index.php\/wp-json\/wp\/v2\/pages"}],"about":[{"href":"https:\/\/www.academiedansecotemeraude.com\/index.php\/wp-json\/wp\/v2\/types\/page"}],"author":[{"embeddable":true,"href":"https:\/\/www.academiedansecotemeraude.com\/index.php\/wp-json\/wp\/v2\/users\/1"}],"replies":[{"embeddable":true,"href":"https:\/\/www.academiedansecotemeraude.com\/index.php\/wp-json\/wp\/v2\/comments?post=875"}],"version-history":[{"count":26,"href":"https:\/\/www.academiedansecotemeraude.com\/index.php\/wp-json\/wp\/v2\/pages\/875\/revisions"}],"predecessor-version":[{"id":1397,"href":"https:\/\/www.academiedansecotemeraude.com\/index.php\/wp-json\/wp\/v2\/pages\/875\/revisions\/1397"}],"wp:attachment":[{"href":"https:\/\/www.academiedansecotemeraude.com\/index.php\/wp-json\/wp\/v2\/media?parent=875"}],"curies":[{"name":"wp","href":"https:\/\/api.w.org\/{rel}","templated":true}]}}